. What is the greatest common divisor of 18 and v?
2
Let w be -2 - (-3 - -1 - 0). Let k = 7 - w. Let o(y) = -y + 1. Let c be o(-6). What is the greatest common divisor of k and c?
7
Let f be 9*(1 - (-4)/(-6)). Let d(p) = 3*p + 3. Let j be d(9). What is the greatest common divisor of f and j?
3
Suppose 15 = 5*b - 4*b. Suppose -5*t + b = -0*t. Suppose -f + 0*f + 5*n = -38, t*n = -2*f + 24. Calculate the highest common factor of 27 and f.
9
Let f(o) = -o**3 - 5*o**2 + 5*o - 6. Let m be f(-6). Suppose 378 = 7*j - m*j. Calculate the greatest common divisor of j and 6.
6
Suppose 3*v = 5*o - 13, -5*v - 11 = -0*o - 3*o. Suppose -o*z + 4 - 2 = 0. Let n(u) = -u + 3. Let l be n(-5). Calculate the greatest common divisor of z and l.
1
Let b(o) = o**2 - o + 60. Let a be b(14). Calculate the highest common factor of a and 11.
11
Let f = 23 + -13. Calculate the greatest common divisor of f and 70.
10
Let a(k) = -k**3 - 11*k**2 - 7*k + 12. Let h be a(-10). Let q = h - -33. Let s = q + 0. What is the highest common divisor of 75 and s?
15
Suppose -4*z = -1111 - 585. What is the highest common factor of z and 53?
53
Let c = 9 + -6. Suppose 0 = -4*h + 3*k + 17, 2*h + h = c*k + 15. Let i = 1 - 0. What is the greatest common factor of i and h?
1
Suppose -2 = h + 5*k - 1, 2*h = -4*k + 16. What is the greatest common factor of h and 70?
14
Let a = 51 - 35. What is the highest common factor of a and 48?
16
Let x be 8/28 - 38/(-14). Suppose -3*p - 2*m = 18, m + 0*m = -x. Let z be (p/(-5))/((-1)/(-5)). What is the highest common factor of 6 and z?
2
Let o = -2 + 2. Suppose -k + 5*m + 4 + 13 = o, 5 = -5*k - 5*m. Suppose -4*l + k*i + 8 = -6, -2*l = i + 3. Calculate the greatest common factor of 2 and l.
1
Let y(b) = 63*b**2 - b - 1. Let g be y(-1). Let i(t) = t**2 + 4*t + 4. Let q be i(-5). What is the highest common divisor of q and g?
9
Let w be -1*3*-6 - 1. Let p = 202 - 49. Calculate the greatest common factor of p and w.
17
Let x = -34 - -52. Let z be (-326)/(-9) - (-4)/(-18). What is the greatest common divisor of x and z?
18
Suppose -4*s - j = 14, -3*j + 10 = -3*s + 2*s. Let l be -1 + (s - -2) + 21. What is the greatest common divisor of 9 and l?
9
Suppose 4*b + 109 = -3*p, -b = -4*b + 5*p - 89. Let c = b - -73. Calculate the greatest common divisor of 5 and c.
5
Let w(o) = o**3 - 2*o**2 + 2*o - 1. Let a be w(2). Suppose a*v - 85 - 37 = -4*r, -3*r + 83 = -2*v. Calculate the highest common factor of r and 29.
29
Let j(b) = 19*b**2 - 3*b - 4. Let d be j(4). What is the greatest common factor of 32 and d?
32
Suppose -r + 10 = -2. Let x = 6 - 6. Suppose -2*a = -x*a - 192. Calculate the highest common divisor of a and r.
12
Suppose 609 + 216 = 5*x. What is the greatest common factor of 15 and x?
15
Let m(r) = -r**3 + 4*r**2 + 6*r - 5. Let k be m(5). Suppose 0 = -k*s + 2*s - 16. Suppose -2*u + 0*u = -80. What is the greatest common divisor of u and s?
8
Let t = -51 - -103. Calculate the greatest common divisor of t and 13.
13
Suppose 4*t = 77 + 83. Let s be ((-4)/(-6))/((-2)/(-15)). Suppose -3 = s*c - 53. What is the greatest common divisor of c and t?
10
Let d(a) = 3*a**2 - a**2 - a**2 + 5*a. Let z be d(-6). Suppose o = z*o - 150. Calculate the highest common factor of 20 and o.
10
Suppose 3*k = 6*k - 6. Let m(z) = z + 6. Let i be m(-3). Let a = i - k. Calculate the highest common divisor of a and 11.
1
Let k(f) = -39 - 31*f - 7*f + f + 45. Let n be k(-3). Calculate the greatest common divisor of n and 13.
13
Let j(u) be the third derivative of -1/12*u**4 + 0 + 4*u**2 + 0*u - 5/2*u**3. Let q be j(-13). Calculate the highest common divisor of 33 and q.
11
Let o(z) = 18*z**2 - z - 1. Let d be o(-1). Calculate the highest common factor of 18 and d.
18
Let a be (-3)/(3/(-16)*2). Let q = -1 + a. Suppose 0*f - 252 = -4*f. Calculate the highest common factor of q and f.
7
Suppose w - 4*a - 26 = 0, 4*w + 2*a - 4*a - 48 = 0. Let l be ((-36)/20)/((-2)/w). What is the greatest common factor of 45 and l?
9
Let c(b) = -b**2 - 10*b - 7. Let k be c(-5). What is the highest common factor of 126 and k?
18
Let h be 87/4 - (-3)/12. Calculate the greatest common divisor of h and 55.
11
Let w be (3/9)/(2/12). Suppose -u = 2*g + 10, 0 = -w*g - u + 5*u - 30. Let a(z) = -4*z + 4. Let m be a(g). What is the greatest common factor of m and 48?
16
Let c = -48 - -55. What is the greatest common factor of 35 and c?
7
Suppose -17 = -4*x + w + 14, -5*w = 3*x - 52. Calculate the greatest common factor of 18 and x.
9
Let h be -1*6*(3 + -15). What is the greatest common factor of h and 8?
8
Suppose -162 = -3*d - x + 4*x, 4*d + 4*x = 184. What is the highest common divisor of 20 and d?
10
Suppose 0 = 5*p + 4*v + 204, 4*v + 11 = -2*p - 73. Let j = -24 - p. Suppose 0 = u - 40 - j. Calculate the highest common factor of 14 and u.
14
Let h be 19/(-2)*(-3 + 1) + -3. Calculate the highest common divisor of 8 and h.
8
Let y be 4/(5/(15/6)). Let q be 6/y*10/15. What is the greatest common divisor of 2 and q?
2
Let v(c) = -c**3 - 3*c**2 - 3*c - 3. Let z be v(-4). Let y = 14 + -11. Let q be -7*((-33)/(-21) - y). Calculate the greatest common factor of q and z.
5
Suppose 1 + 0 = i. Let c be ((-2)/4)/(2/(-4)). Let u be (0/(-3) - -5)*c. Calculate the highest common factor of i and u.
1
Suppose -3*u - 18 = -81. Suppose 27 + u = 3*h. What is the highest common factor of 8 and h?
8
Suppose -5*k - 23 = -8, -5*f - 2*k = -34. Calculate the greatest common factor of 32 and f.
8
Suppose f + 5 = 0, -p + 3*f - f = -40. Suppose 5*a + 0*a = 4*c + 30, 0 = 4*c. What is the greatest common factor of a and p?
6
Let r = 46 - 34. What is the greatest common factor of 3 and r?
3
Suppose 0 = -z, j + 2*j + 4*z = 180. What is the highest common factor of j and 24?
12
Suppose -z - z = 22. Let y = 7 + z. Let k(j) = 2*j**2 + 5*j - 2. Let l be k(y). Calculate the greatest common divisor of l and 50.
10
Let v be 54 - (32/(-4) + 5). Let q(i) = i**3 - 3*i**2 + 4*i + 5. Let z be q(5). Let k be 2/4 - z/(-2). What is the highest common divisor of k and v?
19
Suppose -348 = -4*h - 4*j, h + 4*j = j + 79. What is the greatest common divisor of h and 13?
13
Let l(b) = b**3 + 6*b**2 - 2*b. Let w be l(-6). Suppose 2*d - 5*m = 3 + 6, 4*m = -2*d + 36. What is the highest common factor of d and w?
12
Let p be -2*(7/2 - 2). Let t(w) = -w**3 - 3*w**2 - 3*w - 2. Let c be t(p). What is the greatest common factor of c and 63?
7
Suppose o - 5 = 0, 25 = j + j - o. Let l = j + 5. Calculate the highest common divisor of 5 and l.
5
Let w = -12 + 9. Let v = 4 + w. Calculate the highest common factor of 5 and v.
1
Let j(o) = -3*o - 8. Let u be j(-7). What is the highest common factor of 52 and u?
13
Let r = -17 - -5. Let z be 36*2/r*-4. What is the greatest common factor of z and 48?
24
Let m(r) = -r**3 - 10*r**2 + r - 10. Let z be m(-11). Calculate the greatest common factor of z and 25.
25
Let k be 1626/15 + (-2)/5. Calculate the highest common divisor of k and 12.
12
Let c = 14 - -14. Let t be (-4)/(-14) + 356/c. What is the highest common factor of 52 and t?
13
Let o = 66 - 26. Suppose 2*x + o = b, -4*x + 2*x = 3*b - 136. Let d(c) = -5*c - 1. Let t be d(-1). What is the greatest common divisor of b and t?
4
Let i = 106 - 95. What is the highest common factor of i and 11?
11
Let t = -27 + 242. Suppose -5*k = 3*j + 339, 4*j - t = k + 2*k. Let y be (1 - -1) + (-1 - k). Calculate the highest common factor of 10 and y.
10
Let m(t) = -3*t**3 - 3*t**2 + t + 2. Let j be m(-2). Let c = j - 27. Let z = c + 30. Calculate the greatest common factor of z and 15.
15
Suppose -3*t + 16 = 1. Suppose -4*f + 66 = t*c, -4*c + 60 = -f + 3. Calculate the highest common divisor of c and 140.
14
Suppose 34 = -0*o - o. Let p be (15 - 0)*(-20)/(-6). Let b = p + o. Calculate the highest common factor of 4 and b.
4
Suppose -j - 82 = -5*q, 3*q - 4*j + 25 = 81. What is the highest common factor of q and 4?
4
Suppose -12*p + 814 = -242. What is the greatest common divisor of p and 8?
8
Let r = 5 - 1. Let u be 13 + (-2)/r*-4. What is the greatest common divisor of 10 and u?
5
Suppose -2*z + 15 = -5*m + 47, -16 = -4*z. Suppose 4 = 2*v - m. What is the highest common divisor of 15 and v?
3
Suppose -4*x + 2*d = -2*d - 420, -4*x + 418 = -2*d. Suppose 4*o + 4*l = 100, 3*o + 24*l - 82 = 28*l. Cal